) a prime number?
False
Suppose -3*d + 8*d = -j + 45547, -3*d + 27323 = -2*j. Is d a prime number?
True
Let m be (-5 + 3)*3783/(-6). Is 20/40 + m/2 a prime number?
True
Let v = -451 - -768. Let d = 624 - v. Is d a composite number?
False
Let m(o) = o**2 + 3*o - 18. Let n be m(-6). Suppose -2*h - 9*h + 1199 = n. Is h a prime number?
True
Is 11*(-10)/(-605) - (-105222)/22 prime?
True
Let n be (36/(-60))/(1/(-5)). Let r(f) be the third derivative of 7*f**5/30 + f**4/12 - f**3/6 - f**2. Is r(n) a prime number?
True
Let y be (-8)/20 - 18/5. Let s(l) = -6*l**3 + 7*l**2 + 4*l - 7. Is s(y) a prime number?
False
Is 13799/5 - (-4)/(-5) prime?
False
Suppose 2*m - 3*m + 5 = 0. Suppose s - 2*q + 16 = 0, -15 = -m*q - 5. Let p(b) = b**2 + b + 11. Is p(s) a composite number?
True
Is 193712/84 - (-44)/(-462) composite?
True
Suppose -58*u + 2697170 = 12*u. Is u a composite number?
True
Let o = -32 - -33. Is (-5360)/(-8) + (o - -2) a prime number?
True
Let b = -497 + 1294. Is b a composite number?
False
Is (-1)/(2*6/(-5028)) a composite number?
False
Suppose -4*u + 2512 = -j - 4847, 0 = 3*u - 3*j - 5508. Is u a composite number?
True
Let f(i) = i**2 + 18*i + 8. Let m(j) = -j**3 + 5*j**2 + j - 6. Let w be m(3). Is f(w) composite?
False
Let c(i) = 423*i**2 - 12*i + 8. Is c(3) a composite number?
False
Let p be (2/4)/(1/(-592)). Let h = -147 - p. Is h prime?
True
Suppose -2 - 4 = 2*m. Let b be 4 + 1 + m + 9. Suppose -b = -s - 5. Is s a composite number?
True
Let a be 6*1*74*(-12)/(-18). Suppose -l = 2*i - 281, -2*i + 2*l + a = -0*l. Is i prime?
False
Is 7750 - (-3)/(-1 - (3 - 5)) a prime number?
True
Is (-11406)/(-2)*(18 - (-689)/(-39)) prime?
True
Let x(m) = -23 + 36*m**2 - m**2 + 2*m**2 - 3*m. Is x(10) prime?
False
Let q = -528 + 1847. Is q composite?
False
Let n(q) = -10493*q**3 - 4*q**2 - 5*q - 3. Is n(-2) prime?
False
Let f(a) = -1 - 22*a**3 + a**2 - 2*a + 58*a**3 + 3*a**2 - 2*a. Is f(2) prime?
False
Suppose -1 + 17 = -2*l - 4*k, -2*k = -l + 8. Suppose -3*c - 1980 = -8*c - 5*a, l = c - 2*a - 384. Let i = c + -265. Is i prime?
True
Suppose -93 = -5*r + z, r + 45 = 4*r + 3*z. Let k be ((-148)/6)/((-4)/r). Suppose 2*m - y - k = -3*m, m - 5*y = 3. Is m prime?
True
Let a(h) = 742*h**3 + 5*h**2 + h - 9. Is a(4) a composite number?
False
Suppose 33*h - 13*h = 185060. Is h prime?
False
Let m = 850 + 6813. Is m a prime number?
False
Let g(f) = f**3 + f**2 - 2*f + 113. Suppose 0*y + 3 = 3*y, 3*s + 3*y - 3 = 0. Is g(s) composite?
False
Let b(l) be the second derivative of -373*l**4/12 - 3*l. Let t be b(-1). Let j = 680 + t. Is j composite?
False
Let s be -2 + 19 - 5 - 5. Suppose -789 = s*m - 3778. Is m a prime number?
False
Let i = -573 + 1094. Is i a prime number?
True
Let t(s) = -s**3 + 4*s**2 - 3*s + 2. Let z be t(3). Suppose -2*g - o = -12, -30 = -5*g - 3*o + z*o. Let w(y) = y**3 - 2*y**2 + 5*y + 3. Is w(g) prime?
False
Suppose -f = -5*x + 22 - 7, f = -2*x + 6. Let q(u) = -2*u + 411. Is q(f) a prime number?
False
Let f be ((-36)/8)/(9/(-12)). Let g(z) = 14*z + 7. Let b be g(f). Let a = b - -58. Is a a prime number?
True
Suppose 4*u - k = 18884, 1267 + 3454 = u + 5*k. Is u a prime number?
True
Suppose -3*b = -0*b - 39. Let p = -47 + 49. Is b/((-165)/85 + p) a prime number?
False
Suppose -g - 3*r = -2*g + 10, -2*r + 4 = 0. Let l = -22 + g. Let x = l - -17. Is x composite?
False
Let v be (-143858)/(-77) + 4/(-14). Suppose 0 = -4*b - 640 + v. Is b prime?
True
Suppose -3*a = -2*z - 1, 4*a + 3*z - 5 = 19. Suppose -4*s - 4*s = -5672. Suppose -i + s = c + a*c, -i = -4*c + 715. Is c composite?
True
Is (45/(-30))/((-9)/15018) composite?
False
Suppose -1390 - 1952 = -6*a. Is a prime?
True
Let p(t) = -22*t**3 + 4*t**2 + 38*t + 203. Is p(-6) prime?
True
Let r be -1 + (1*-26)/2. Let l be 64/28 + 4/r. Suppose 3*j + l*z - 731 = -3*z, 3*z = 2*j - 462. Is j a prime number?
False
Suppose 136*n - 148*n = -294180. Is n a composite number?
True
Suppose 0 = 2*n + 6, -11*j + 5*n - 57007 = -13*j. Is j prime?
False
Let p(b) = 218*b. Let n be p(1). Let q = 161 + n. Is q a composite number?
False
Is (1095 + -84)/(3*1) prime?
True
Suppose -4*p + 432 = 4*l - 6376, -5134 = -3*p + 4*l. Is p a composite number?
True
Let j = 1484 + -3443. Is (6/18)/((-1)/j) a composite number?
False
Let h be (0 - 0)/2 + (11 - 8). Suppose -g + 4*d + 897 = 0, g - h*d = 2*d + 899. Is g prime?
False
Let t = -875 - -3397. Let n = t + -1633. Is n prime?
False
Is -7 - (-6 - -1) - -6493 prime?
True
Suppose -5*g + f + 1904 = -336, -f + 2250 = 5*g. Is g prime?
True
Let g(r) = r**3 + 12*r**2 + 11*r + 5. Let c be g(-11). Suppose -3072 = -4*j - c*h, -4*j + h = 3*h - 3060. Is j a composite number?
True
Let h(n) = 1389*n**2 + 55*n + 145. Is h(-3) prime?
False
Is (271745/15 - -3)/(10/15) a composite number?
False
Is 0 + (-305326)/(-18) + (-152)/(-342) a prime number?
True
Let u = -6902 - -10645. Is u a composite number?
True
Let f = -2712 - -6144. Suppose 38 + f = 2*g. Is g a composite number?
True
Let u = -13 + 15. Suppose -5*a - 4*q - 68 = 0, -a - 28 = u*a - 4*q. Let s = 21 + a. Is s a composite number?
True
Let r(k) = 2*k - 1. Let s(f) = -16*f - 15. Let c(o) = -2*r(o) + s(o). Let v = -13 + 6. Is c(v) prime?
True
Let t(q) = -1102*q**3 + 2*q. Let d be t(-2). Is ((-19)/(-76))/(1/d) a composite number?
False
Suppose 4*p = 12*p - 43360. Suppose 9*s = p - 551. Is s a composite number?
False
Is (-1 - (-9811)/(-2))/(143/(-286)) composite?
True
Let j = -136 - -674. Is j a composite number?
True
Suppose -5*m = -0*m - 125. Suppose -4*x - 6*j + m = -3*j, 0 = 2*x - 3*j + 1. Is 5037/x - (-9)/(-36) a prime number?
True
Let c = 682 - 387. Is c a prime number?
False
Let b = 84553 - 46064. Is b a composite number?
True
Let c(k) = -252*k - 34. Let n(v) = v**3 - 24*v**2 + v - 28. Let u be n(24). Is c(u) prime?
False
Let i be 6/(-9)*-6 + 0. Let z = i - 1. Suppose -5*w - z*u + 95 = 0, -3*w - 2*u - u = -57. Is w a prime number?
True
Let y = -31 - -29. Let h be (2441/y + 3)*-2. Suppose 5*g = -0*g + h. Is g prime?
True
Suppose 0 = d + 5*n - 1915, -2*d + 2*n + 510 + 3308 = 0. Suppose 0 = -6*k + 11*k - d. Let z = -168 + k. Is z prime?
False
Suppose -82*w = -87*w. Suppose -o - 2027 + 8074 = w. Is o a composite number?
False
Suppose 336 = 2*x + 4*v - 3352, 3*v = 4*x - 7420. Suppose -x = -4*j - 0*j. Let l = 330 + j. Is l composite?
True
Let a be (-3)/1*1 + -18. Is (956/(-6))/(14/a) a prime number?
True
Let i = 162 + 97. Is (-2 - (-4 + 2)) + i composite?
True
Let u(f) = f**2 + 19*f - 103. Is u(-39) composite?
False
Suppose -8*u - 90 + 610 = 0. Let v = 32 + u. Is v composite?
False
Let g(h) = 179*h - 17. Let z be g(4). Suppose q - z - 190 = 0. Is q a prime number?
False
Let l(q) = 43*q**3 - 6*q**2 + 5*q + 23. Is l(5) prime?
True
Is 1327233/517 + 4/(-22) a composite number?
True
Suppose -4*o - 4*k + 7596 = 0, k + 4*k = o - 1923. Is o a prime number?
False
Suppose x + 4*t = -0*t + 20208, -t = 2*x - 40423. Suppose 0 = 9*z - x - 965. Is z a prime number?
False
Let w = 49 + -50. Let o(a) = -397*a - 6. Is o(w) a composite number?
True
Suppose -39*b = -33*b - 126780. Suppose 4*z - 5218 - b = 0. Is z a prime number?
False
Let j(k) = 1105*k**2 + 3*k + 13. Is j(6) prime?
False
Let c(k) = 64*k**2 - 6*k + 61. Is c(14) composite?
True
Let q = 11 - 2. Suppose 9 = -2*d - q. Is (-1 - 2)/(d/573) a prime number?
True
Suppose 0 = 3*x - 2*y - 23981, 58*x - y - 31973 = 54*x. Is x prime?
True
Let l(n) = 220*n + 6. Let v be l(6). Is (-3 - -1)*v/(-12) prime?
False
Suppose 79*y - 1164 = 85*y. Is (y + 0)/((-49)/7 + 6) prime?
False
Let t(v) = -v**2 - 14*v - 11. Let d(u) = -2*u - 3. Let c be d(4). Is t(c) a composite number?
True
Suppose -8 = -3*o + 2*j + 18, 5*j - 19 = -3*o. Suppose -o*q + 9*q - 123 = 0. Is q composite?
True
Suppose 360 - 3840 = -5*i. Suppose -n + 191 = -i. Is n a prime number?
True
Is (-6 + (-114)/(-18))/((-1)/(-363)) prime?
False
Let k(c) = -838*c**2 - 7*c - 7. Let u be k(3). Let q = -5025 - u. Is q a composite number?
True
Suppose 5*s + 4*m - 9 = -32, 4*m + 17 = -3*s. Let b(v) = 4*v**3 + 4*v**2 + 2*v - 3. Let f be b(s). Let z = f - -134. Is z a prime number?
True
Let m(x) = 16072*x - 15. Is m(1) a prime number?
True
Suppose -5*x - 3*p + 3182 = p, -x - 4*p + 630 = 0. Let d = -313 + x. Suppose -4*m + 641 = 3*a, -2*m - d = -4*m + 3*a. Is m a composite number?
True
I